to base 11
-118693
What is -5302662 (base 8) in base 7?
-14663123
Convert -2121110222112 (base 3) to base 12.
-56a9a2
Convert 31323311 (base 4) to base 7.
325256
-112121111102 (base 3) to base 2
-1000110001101100100
-101011101101100 (base 2) to base 11
-158a6
-114144324 (base 5) to base 8
-2031570
-12abd1 (base 14) to base 2
-10011101010101010011
Convert 212b87 (base 12) to base 16.
7fd17
What is -24aaba (base 13) in base 14?
-18cd11
What is -21100202102 (base 3) in base 4?
-203113331
Convert -e03e (base 15) to base 9.
-71805
Convert -548527 (base 9) to base 16.
-50047
What is -101101101000110111001011 (base 2) in base 16?
-b68dcb
What is -107484 (base 10) in base 16?
-1a3dc
Convert 3644322 (base 7) to base 2.
1110001100000100000
-13658 (base 15) to base 6
-1155515
a74410 (base 12) to base 6
132334420
What is -78edd (base 16) in base 3?
-221011110101
Convert -140131234 (base 6) to base 9.
-5254374
What is 212102130300 (base 4) in base 12?
3440580
-11c2880 (base 14) to base 2
-100000100011110111100000
-3298aa (base 15) to base 7
-26333140
Convert -76901 (base 11) to base 9.
-180028
Convert 13034026 (base 7) to base 9.
2205561
What is 201202101120022 (base 3) in base 10?
10498742
What is 1042033034 (base 5) in base 16?
231508
2048b2 (base 14) to base 4
10021231130
What is da520 (base 14) in base 4?
2000313300
What is -345a5 (base 11) in base 12?
-24abb
-650a310 (base 11) to base 6
-1045213225
110012330 (base 6) to base 7
22446246
Convert 1674752 (base 9) to base 2.
11100100010100011000
What is 3511560 (base 7) in base 4?
1223123031
-12431332 (base 5) to base 8
-362077
What is -1122233110 (base 4) in base 6?
-11544404
Convert -9267 (base 12) to base 13.
-7327
15dbcba (base 15) to base 10
15885625
-25d3d1 (base 16) to base 6
-125045041
-272217 (base 8) to base 3
-11211211102
What is 217011 (base 10) in base 16?
34fb3
What is 652ea (base 16) in base 7?
3344200
Convert 21330320110 (base 4) to base 13.
7044b2
10011110001011001011 (base 2) to base 6
21515243
Convert -25aa7 (base 12) to base 15.
-104a4
Convert 353000120 (base 6) to base 16.
646170
Convert -2214 (base 13) to base 4.
-1022031
342455250 (base 6) to base 2
10111111111110011101110
-101376511 (base 8) to base 5
-13343412422
3327403 (base 8) to base 10
896771
What is 2e72d (base 15) in base 14?
3c9ca
What is 3bcba (base 14) in base 8?
440754
-121141411 (base 5) to base 4
-2022300210
What is -538405 (base 11) in base 10?
-860315
-775627 (base 8) to base 3
-111021001020
What is 20140344 (base 5) in base 14?
43058
12543210 (base 6) to base 7
3360525
Convert 1001110100001101000 (base 2) to base 7.
2506504
3132134 (base 5) to base 11
36217
Convert 2200332 (base 4) to base 7.
42015
Convert -981246 (base 10) to base 2.
-11101111100011111110
Convert -1343314400 (base 6) to base 5.
-13144330023
71c80 (base 14) to base 11
177a50
What is 6f0248 (base 16) in base 4?
123300021020
100201201110 (base 3) to base 14
4db23
What is 12100201 (base 4) in base 14?
94ad
-1011101101011010110000 (base 2) to base 15
-4097b1
2a3c13 (base 15) to base 9
3745350
977a9 (base 13) to base 10
273750
Convert -73c (base 13) to base 4.
-103102
Convert 21904a9 (base 12) to base 5.
3120030004
-3e63e (base 15) to base 4
-300331112
Convert -373473 (base 10) to base 16.
-5b2e1
Convert -1104100004 (base 5) to base 8.
-11141643
b06c3 (base 15) to base 7
4514004
What is -4650b (base 12) in base 13?
-33a61
Convert -4c756a (base 14) to base 15.
-37004a
Convert 33b9b1 (base 13) to base 15.
19312e
Convert -1974345 (base 10) to base 6.
-110152253
What is -24b6348 (base 13) in base 14?
-1746b8a
Convert 641235 (base 7) to base 10.
110913
Convert 352de (base 16) to base 12.
a607a
What is -2553056 (base 7) in base 11?
-20781a
Convert -357779 (base 12) to base 6.
-30301033
Convert 11326244 (base 7) to base 12.
401a8b
225440100 (base 6) to base 8
17765044
-562676 (base 9) to base 4
-1102023300
Convert 1819a4 (base 16) to base 8.
6014644
-155242414 (base 6) to base 12
-114940a
Convert 1361654 (base 8) to base 10.
385964
-32428365 (base 9) to base 6
-1315445305
Convert -1d4e06 (base 16) to base 9.
-3546408
What is b45d9 (base 15) in base 9?
1061206
443411551 (base 6) to base 3
120002000000211
What is 1102b9 (base 12) in base 4?
1001322231
-10911 (base 10) to base 13
-4c74
What is -3361056 (base 8) in base 5?
-213103440
What is -1130020 (base 4) in base 13?
-28b7
What is -b741cf (base 16) in base 13?
-2646692
-979a13 (base 12) to base 10
-2401647
-62452 (base 11) to base 12
-44835
-bd342 (base 14) to base 2
-1110000000010001110
352323054 (base 6) to base 5
3134332232
Convert 63579 (base 10) to base 4.
33201123
Convert -251303433 (base 6) to base 9.
-10071103
Convert 1020001210 (base 3) to base 4.
11320221
What is -37a9c6 (base 14) in base 3?
-10121010110000
Convert 103312244 (base 5) to base 12.
1971a8
10000001000011111111 (base 2) to base 6
15155223
d5ba (base 15) to base 5
2421200
What is 88a394 (base 15) in base 16?
636784
Convert 145443305 (base 6) to base 10.
3069689
-101010010001110000 (base 2) to base 3
-22210112122
100011110011001100111 (base 2) to base 6
41050555
Convert -30558016 (base 9) to base 12.
-4b00bb0
Convert -21761033 (base 9) to base 15.
-dd629c
Convert -426015 (base 8) to base 14.
-39c3b
Convert -4231411304 (base 5) to base 10.
-8857079
What is -356894 (base 11) in base 10?
-565415
What is 1da66c (base 15) in base 11?
902489
-23220322013 (base 4) to base 7
-34635314
Convert 16422166 (base 7) to base 12.
65328a
What is -118421 (base 10) in base 6?
-2312125
214453031 (base 6) to base 7
44562301
What is -dbd1 (base 15) in base 11?
-31a75
Convert 156821 (base 12) to base 5.
43122212
14213234 (base 5) to base 14
3bcb6
Convert -22bc5 (base 14) to base 10.
-84649
What is 1a782a (base 13) in base 8?
2443606
Convert 1220120001 (base 3) to base 10.
37585
Convert -1010011001001000010110 (base 2) to base 5.
-1144134444
What is -101002020222110 (base 3) in base 11?
-3030215
-2db39 (base 16) to base 2
-101101101100111001
Convert 389716 (base 10) to base 15.
7a711
What is -2c937f (base 16) in base 13?
-7b3909
What is 1373065 (base 8) in base 2?
1011111011000110101
-2c54c (base 15) to base 10
-142947
188511 (base 9) to base 4
130300120
Convert 1245334053 (base 6) to base 11.
8401039
Convert 666053 (base 9) to base 3.
202020001210
10266316 (base 10) to base 8
47123314
2175145 (base 10) to base 9
4074657
What is 59ea6 (base 15) in base 4?
1012001112
Convert -120658 (base 13) to base 9.
-724144
Convert 772b1 (base 13) to base 3.
101222000011
-4431103 (base 6) to base 4
-312022233
What is -10011100011011001 (base 2) in base 9?
-131767
-247467 (base 15) to base 3
-10021200212221
Convert -1110111010100000010 (base 2) to base 11.
-304199
-3541254 (base 8) to base 13
-27b3ba
What is -23311001131 (base 4) in base 8?
-13650135
What is -110021101202222 (base 3) in base 2?
-11000111000100000110001
Convert 1d6b (base 15) to base 6.
45345
What is 482f96 (base 16) in base 5?
2202341044
Convert 102001111 (base 3) to base 4.
1331323
What is 354b1 (base 13) in base 5?
11104423
Convert 1010132121102 (base 4) to base 9.
36688146
Convert 1204163 (base 8) to base 6.
11023015
Convert -88d83 (base 15) to base 14.
-b478c
Convert 68a898 (base 15) to base 5.
2234400233
1323033221 (base 4) to base 7
4201514
Convert -342742 (base 11) to base 14.
-102a00
10201201010221 (base 3) to base 9
3651127
What is 3965a93 (base 13) in base 14?
256a06d
Convert -222112222220 (base 3) to base 2.
-1111111100111000010
-959724 (base 11) to base 12
-620738
Convert -860250 (base 9) to base 8.
-1747735
What is -20120112200 (base 3) in base 4?
-133212111
-6880 (base 16) to base 10
-26752
2a3e61 (base 16) to base 3
12012122122100
Convert 2554225 (base 8) to base 16.
ad895
Convert -12451011 (base 6) to base 12.
-179a67
-251530050 (base 6) to base 5
-2220121431
-3445303 (base 6) to base 2
-101011010100100111
Convert -22633a (base 16) to base 14.
-429414
Convert 1164a03 (base 12) to base 13.
90ba72
Convert -253192 (base 11) to base 14.
-a5854
17662615 (base 8) to base 7
50213006
32c8c6 (base 13) to base 16
124b1f
What is -547318 (base 10) in base 4?
-2011213312
What is -1a900 (base 11) in base 10?
-29040
-1100010000010111100001 (base 2) to base 3
-20001020002110
What is 75701 (base 15) in base 